late the remainder when c is divided by 40.
39
Suppose -5*x + 54 + 26 = 0. Let u(z) = -z**2 + 17*z - 6. What is the remainder when 15 is divided by u(x)?
5
Suppose -2*v + 66 = -5*i, 0*i + 24 = -i + 4*v. Calculate the remainder when (-160)/(3 + -1)*i/30 is divided by 7.
4
Let d = 2682 + -2592. Calculate the remainder when 212 is divided by d.
32
Let d(b) = -5 + 13*b + 2 + 1. Let t be (-3)/(-2)*2/3. What is the remainder when 32 is divided by d(t)?
10
Let n(l) = 6*l - 1. Let r be n(3). Let y be 9 + -2 - (5 - 2). Suppose -2*q + 0*b = 5*b + 5, -b = y*q - r. Calculate the remainder when 18 is divided by q.
3
Let a = -23 - -31. Suppose 2*x + d = -22 + 103, 4*x - 171 = -5*d. Calculate the remainder when x is divided by a.
7
Let h(p) = -p**3 + 50*p**2 - 136*p + 206. Calculate the remainder when h(47) is divided by 151.
139
Suppose 5*y - 617 = v, -5*y = -3*v - 345 - 266. Let w = -18 - -43. Calculate the remainder when y is divided by w.
24
Let q(h) = h**2 + 2*h - 54. Let b be q(-13). Let g = b - 77. Calculate the remainder when 47 is divided by g.
11
Let m(t) = -3*t + 5*t**2 + t + 0 + 3 + t**3. Let r(g) = g**2 - 10*g + 26. What is the remainder when m(-5) is divided by r(7)?
3
Let k = -297 - -356. What is the remainder when k is divided by 11?
4
Let p = 15 - 3. Suppose 0 = 2*j - 3*j + p. Calculate the remainder when 26 - (-7 - (-40)/4) is divided by j.
11
Suppose 2*l - 4 = 0, 180 = 2*d + l - 1092. What is the remainder when d is divided by 29?
26
Suppose -4*p - 8 = 5*u - u, -4*u - 13 = 5*p. Let n = 25 - 20. Suppose n*o = -0*w - 2*w + 37, -o = 4*w - 11. Calculate the remainder when o is divided by u.
1
Let f(j) = j**3 - 20*j**2 + 18*j + 23. Let d be f(19). Suppose 2*c - 3 = -9, -d*w + 2*c = -46. Calculate the remainder when 47 is divided by w.
7
Suppose 2*s - 13 = p, 42 = 5*s - 2*p + 12. Suppose 0 = -s*i - 7 + 51. Let q = -6 - -13. Calculate the remainder when i is divided by q.
4
Let u = -391 - -504. Calculate the remainder when u is divided by 29.
26
Let x = -40 + 42. What is the remainder when 57 is divided by 1/x*(-4)/6*-60?
17
Let q = 10 + -7. Let t be 6/24 - (-33)/12 - -3. Suppose 3*w = -3*g + t*g + 24, 3*g = -w - 12. Calculate the remainder when w is divided by q.
0
Suppose 249 = -5*d - 111. Let c = -17 - d. Calculate the remainder when c is divided by 14.
13
Let j = -23 - -24. Let f be 3/(-6)*j*-30. Suppose -f*k + 4 = -14*k. What is the remainder when 14 is divided by k?
2
What is the remainder when 68 is divided by (-8)/3*(-34 - -25)?
20
Let b = -295 + 302. Calculate the remainder when 18 is divided by b.
4
Suppose 2*k + 2*k = 68. Suppose 0 = 7*u - 5*u - 14. Suppose 9 + 61 = u*o. Calculate the remainder when k is divided by o.
7
Let y(l) = 4*l + 1. Suppose 0 = 5*s - 6 - 4. Let z = -742 + 746. Calculate the remainder when y(s) is divided by z.
1
Let x = -2 + -77. Let k = 84 + x. What is the remainder when 19 is divided by k?
4
Suppose -2*s - 18 = -4*r, 22 = 2*r - 3*s + 3. What is the remainder when 46 is divided by r?
0
Calculate the remainder when (1695/12)/((-15)/(-24)) is divided by 36.
10
Let d(y) = 19*y**2 - y - 2. Let h be d(-1). Suppose 12*l - 14*l = -h. What is the remainder when 35 is divided by l?
8
Suppose -2 = -0*j + 3*j - m, -17 = 3*j - 4*m. Let a(o) = -6*o**3 - 36*o**2 + 25*o**3 + 38*o**2 - o. Calculate the remainder when 56 is divided by a(j).
16
Suppose -11*p = -16*p - 5*d + 100, -4*p = -3*d - 66. What is the remainder when 121 is divided by p?
13
Suppose 114 = 3*c - 111. Suppose -15 = -v - 5*s, 4*v + v - c = -4*s. Calculate the remainder when 27 is divided by v.
12
Suppose -4*a - 119 = -h + 26, 0 = 4*a - 5*h + 165. Let y be (21/a)/((-1)/10). What is the remainder when y/(-10) + 558/30 is divided by 10?
8
Let v be 21*4/(-6) + -1. What is the remainder when 22*(1 - (-10)/4) is divided by (18/v)/((-9)/150)?
17
Let v be 4/(-14) + 867/21. Suppose 2*o - 5*x - v = 0, 4*o + 3*x = 5*o - 21. Let u(d) = 27*d + 807. Calculate the remainder when u(-28) is divided by o.
15
Suppose -38*u + 8 = -36*u. Suppose -b + u*c = 3*b - 68, 2*b + c - 25 = 0. What is the remainder when 30 is divided by b?
2
Let l = -18 + 133. What is the remainder when 801 is divided by l?
111
Suppose 2*l + 290 = 796. What is the remainder when l is divided by 127?
126
Let s(r) = 2*r**2 + r - 6. Calculate the remainder when 167 is divided by s(-3).
5
Let o(l) = 8*l - 82. Let a be o(11). Suppose 0 = -17*u + a*u + 33. Calculate the remainder when 1/((-3)/4)*-3 is divided by u.
1
Let y(z) = -8*z + 14. Let m be y(-7). Let r = m + -51. What is the remainder when 24 is divided by r?
5
Suppose -128 = -4*u + z, 5*u - 9*u + 152 = 5*z. Let k(n) = -2*n**2 + 7*n. Let h be k(5). What is the remainder when u is divided by ((-12)/10)/(1/h)?
15
Suppose k + 4 = 5*l + 5*k, -32 = -4*l + 4*k. Let y(b) = b**3 + b**2 - 8. Suppose 0 = -5*f - 0*f + 125. What is the remainder when y(l) is divided by f?
22
Let h(k) = k**2 + 30*k + 210. What is the remainder when 409 is divided by h(-20)?
9
Suppose -b + 3*m = -1077, 641 = -2*b - m + 2823. Calculate the remainder when b is divided by 39.
36
Let b = 556 - 543. What is the remainder when 83 is divided by b?
5
Let s = -17 + 40. Calculate the remainder when 274/4 - (-141)/(-94) is divided by s.
21
Let d = -75 + 72. What is the remainder when -10*225/(-40) + d/12 is divided by 23?
10
Let c(z) = -2*z - 15. Let n be c(-10). Let r = 8 - n. Calculate the remainder when 2*7 - (-52)/(-13) is divided by r.
1
Let h = -72 + 42. Let p = 113 + -225. Let d = h - p. Calculate the remainder when d is divided by 21.
19
Let m be (-3)/(-2)*-2*-1*3. Suppose -2*a = -5*t - m, 3*a - 2*a - 4*t + 3 = 0. Calculate the remainder when 151 is divided by a.
15
Let r = 1068 - 1055. Calculate the remainder when 174 is divided by r.
5
Let h(o) = 8*o - 7. Let r(p) = 9*p - 8. Let t(j) = 5*h(j) - 4*r(j). Suppose 5*w - 84 = -w. What is the remainder when t(7) is divided by w?
11
Let o(i) = 2*i**2 - 14*i - 30. Calculate the remainder when o(-7) is divided by 22.
12
Let u(z) = -3*z - 7. Let l be u(-3). Suppose 10 = i - l*m + 1, -3*i + 2*m + 15 = 0. Calculate the remainder when 16 is divided by i.
1
What is the remainder when ((-1123)/19)/(-1) - 26/247 is divided by 6?
5
Suppose -3*v = 5*r - 140, v - 26 = -43*r + 42*r. What is the remainder when 206 is divided by r?
20
Let u be -5 + (-111)/(-12) + (-1)/4. Suppose 36 = u*k + 5*q, -4*k + 3*q + 64 = q. Calculate the remainder when 32 is divided by k.
4
Let f(n) = -3*n - 5. Suppose 22*l + 940 = -1898. Let j = 154 + l. Calculate the remainder when j is divided by f(-4).
4
Suppose 200*j - 205*j = -355. Calculate the remainder when j is divided by 61/4 + (-2)/8.
11
Let m = 907 - 1306. Let u = 144 - 100. Calculate the remainder when u is divided by m/(-35) + (-3)/(-5).
8
Let k = 639 - 318. Calculate the remainder when k is divided by 18.
15
Let c(p) = 6*p**2 - 14*p + 1. What is the remainder when c(4) is divided by 21?
20
Suppose o - g + 0*g = -3, 0 = -3*o + 4*g - 9. What is the remainder when 23 is divided by 1/(2/10*(-2 - o))?
3
Calculate the remainder when 428 is divided by 4/30 + (-96)/540*-348.
56
Suppose 359 = f - 143. Calculate the remainder when f is divided by 86.
72
Suppose 681*w - 671*w = 730. Calculate the remainder when w is divided by 30.
13
Let y be (1 + 1)/(-2) + -14 + -2. Suppose 4*h + 3*q = 143, h - 6*h = 4*q - 180. Let g = h + y. Calculate the remainder when 58 is divided by g.
13
Suppose 4*d - 760 = -d + 2*k, -4*d + 2*k + 606 = 0. What is the remainder when d is divided by 7?
0
Let d be 4 - ((-36)/3 + -3). Let t = -22 + d. Let u(a) = -a**3 - a**2 - a - 6. What is the remainder when u(t) is divided by 3?
0
Let g = -66 - -131. What is the remainder when g is divided by 3*(1 + 3 - 1/3)?
10
Let n = -949 + 1138. Calculate the remainder when n is divided by 39.
33
Let w = 64 - 42. Let a = 31 - w. Suppose 11*x - 10*x = 26. Calculate the remainder when x is divided by a.
8
Let y = 13 - -21. Let b = 172 + -163. What is the remainder when y is divided by b?
7
What is the remainder when (4 - (-366)/(-2))/(-1) is divided by 15?
14
Let h be -1 - ((-90)/3)/(-2). Let u = 48 - h. What is the remainder when u is divided by 33?
31
Let m(n) = 2*n**2 - 12*n - 23. Let u(w) = w**3 + 4*w**2 - 5*w + 5. Calculate the remainder when m(8) is divided by